y 9.
6
Let h(p) = p + 6. Let u be h(-6). Let i be ((u - 0)*-1)/(-3). What is the remainder when i - -3*56/6 is divided by 15?
13
What is the remainder when (1/(-2))/((-7)/938) is divided by 0 - (2 - (24 + 1))?
21
Let l(z) = -8*z. Let s(h) = -h**3 + 4*h**2 + h - 1. Let c be s(4). Let n be l(c). Let u = n - -41. What is the remainder when 33 is divided by u?
16
Let g be 2/(-12) - (-95)/30. Suppose g*x - 41 = 43. What is the remainder when 111 is divided by x?
27
Let u be (1/2)/(2/(-8)). What is the remainder when 74 is divided by (-3)/u - (-210)/12?
17
Let d(w) = -w + 2. Let u be d(3). Let p = 18 - u. What is the remainder when p is divided by 10?
9
Suppose 3*d = 2*d + 123. What is the remainder when d is divided by 32?
27
Suppose 0 = -3*h - 5*b + 85, -5*h + 0*b + 183 = -2*b. What is the remainder when h is divided by 19?
16
Let r be 0*-2*(-1)/2. Suppose -4*w - 2*s + 132 = r, 0*w - w + 2*s = -38. Let x(l) = 2*l**2 - 5*l. What is the remainder when w is divided by x(4)?
10
Let m = -131 + 141. What is the remainder when 19 is divided by m?
9
Suppose 3*g - 36 = -g. Let z(r) = -r**3 - 4*r**2 + r - 5. What is the remainder when z(-5) is divided by g?
6
Suppose 2*s = 4*h + 56, -s + 16 = 2*h - 0. Let a = -9 + s. Calculate the remainder when a is divided by 8.
5
Suppose -7 = 2*m - 45. Suppose 2 + 8 = 2*p. Suppose p*v - 104 = 2*b, 0*v - b = -v + m. Calculate the remainder when v is divided by 12.
10
Suppose -5*w - 4*y + 0*y + 22 = 0, -5*w + 7 = -y. Suppose -3*s = -w*s - 20. Calculate the remainder when 58 is divided by s.
18
Suppose -3*j = -3*n - 264, 4*j - 5*j = -2*n - 85. Calculate the remainder when j is divided by 23.
22
Let i(t) = -t**3 + 6*t**2 + 12*t - 16. Calculate the remainder when 55 is divided by i(7).
17
Let m(o) = o**2 + 12. Suppose 25 = 3*x + 7. Calculate the remainder when m(-3) is divided by x.
3
Let f(s) = -s**2 - s. Let w(u) = -12*u**2 + 4*u + 2. Let v(a) = -2*f(a) - w(a). What is the remainder when 27 is divided by v(-1)?
13
Let q(k) = -k - 3. Let t(v) = v + 1. Let g be t(8). Let x be q(g). Let h(w) = -w + 6. Calculate the remainder when 53 is divided by h(x).
17
Let m(x) = -x**2 - 9*x - 1. Let z = -1 + -4. Calculate the remainder when 36 is divided by m(z).
17
Suppose -3*a - 5*d = -221, 33 = a - 3*d - 22. Calculate the remainder when a is divided by 17.
16
Suppose -3*u + s - 4 = -0, 3*u - 3*s = -12. Let h(l) = l**3 + l + 15. What is the remainder when 43 is divided by h(u)?
13
Suppose -10 = 4*q - 2*q. Let n(s) = -2*s - 3. Let u be n(-6). Let m = u + q. What is the remainder when 10 is divided by m?
2
Let j be (-48)/(-2) - 13/(-13). Calculate the remainder when 61 is divided by -1*(3 - -1) + j.
19
Let h(k) = -4*k - 1. Let b be h(-1). Suppose -4*a + 4*c + 32 = 0, 0 = -a - 5*c + b - 7. Calculate the remainder when 16 is divided by a.
4
Let u be 1 + -7 - (0 - 2). Let t = u - -21. Calculate the remainder when t is divided by 6.
5
Let h = 105 - 50. What is the remainder when h is divided by 14?
13
Let t(j) = -4*j - 1. Let p be t(-1). Suppose 0 = -5*a - 2*q + 8 + 131, -p*a = -q - 90. What is the remainder when a is divided by 6?
5
Let z be -1 - (0 + -2)*-4. Let s = 23 - z. What is the remainder when s is divided by (-1)/2 - 46/(-4)?
10
Let h = -8 + 9. Suppose -2*x - j + 124 = j, -j = -h. What is the remainder when x is divided by 16?
13
Suppose -10*m = -9*m - 120. Calculate the remainder when m is divided by 32.
24
Suppose 9 = 5*x - 4*x. Let a = 38 + 5. What is the remainder when a is divided by x?
7
Calculate the remainder when 14/(-70) + (-176)/(-5) is divided by ((-2)/3)/(2/(-36)).
11
What is the remainder when (-3 - 19/(-2))*8 is divided by 28?
24
What is the remainder when 5*(-5)/((-5)/6) is divided by 11?
8
Let c(m) = -m + 21. What is the remainder when c(12) is divided by 2?
1
Suppose 4*o - 113 = 35. Suppose -2*n - 2*s = -20 + 2, 5*n + 3*s - o = 0. Calculate the remainder when 17 is divided by n.
2
Suppose -4*h = 2*l - 8, -h - 42 = -l - 4*l. What is the remainder when l is divided by 3?
2
Let c(k) = -2*k**2 + 12*k - 10. Calculate the remainder when 11 is divided by c(4).
5
Let k = -54 - -125. What is the remainder when k is divided by 37?
34
What is the remainder when 38 - 0*(4/2 + -3) is divided by (-4 - -2)/2 - -14?
12
Suppose -3*y + 4*y - 56 = 0. Suppose 0*u - 4*u = -y. Calculate the remainder when 24 is divided by u.
10
Let s(l) = -l**2 + 9*l + 4. What is the remainder when 123 is divided by s(7)?
15
Let r = -5 + 20. Let t be (0 - -3)*(-4)/(-6). Calculate the remainder when 23 is divided by (64/40)/(t/r).
11
Let k be 0 - 2/(0 - 1). Suppose -4*v = -o - 4*o - 29, -v = k*o + 9. Suppose m + 2*b = -v + 42, 4*m = -4*b + 168. What is the remainder when m is divided by 15?
13
Let v = -25 + 31. Suppose 0*u + u - 3 = 0. Calculate the remainder when v is divided by u.
0
Let x(a) = -2*a - 6. Let v be x(-6). Let g = -55 - -105. Calculate the remainder when g is divided by (-66)/(-4) - (-3)/v.
16
Let y(k) = -2*k - 5. Let j(s) = s**3 + 8*s**2 - 10*s - 7. Let g be j(-9). Suppose -5 = g*q - q. What is the remainder when 9 is divided by y(q)?
4
Suppose 3 = 2*f + 1. Suppose 0 = -3*i - 9, -4 = 2*o + 2*i + 2. Suppose -2*s - 4*c + 8 = o, -s - 3*c + 5 = -0*s. What is the remainder when s is divided by f?
0
Suppose -g + 18 = -0*g. Suppose 5*y - 19 = -4. Suppose 5*q + 93 + 4 = y*a, 5*a = 3*q + 167. Calculate the remainder when a is divided by g.
16
Suppose -4*l + 63 = 19. Let d(c) = -9*c - 3. Calculate the remainder when d(-5) is divided by l.
9
Suppose 4*v = 4*g - 68, -g - 2*g - 4*v + 30 = 0. Let f = -37 - -64. Calculate the remainder when f is divided by g.
13
Let h be (-10)/8 - 1/(-4). Let a = h - -4. Suppose a*d - 8*d - 2*l + 202 = 0, -d + 58 = -4*l. What is the remainder when d is divided by 22?
20
Suppose -5*z + z = -24. Let i be (-22)/(-6) - (-2)/z. What is the remainder when 34 is divided by (i + 2 + -2)*3?
10
Let t be 0 + -1 - (-3 - 0). Let o be -6*(-3)/(-12)*-2. Suppose 0 = -2*p - t, 4*l = o*l + 5*p + 42. Calculate the remainder when l is divided by 13.
11
Suppose -14 = -3*b - h + 2, b = -2*h + 12. Suppose -1 = -b*t + 59. What is the remainder when 57 is divided by t?
12
Let m(o) = -2*o + 7. Let t be m(5). Calculate the remainder when 22 is divided by 2 + 15/t - -11.
6
Suppose -6*m + 69 - 3 = 0. Calculate the remainder when 19 is divided by m.
8
Let b be 11*(-3)/(-9)*3. Let s(t) = -15*t + 3*t - 4 - b*t**2 - t**3 + 1 + 0. Calculate the remainder when 32 is divided by s(-10).
15
Let z(q) = 2*q**3 - 7*q**2 + 8*q - 16. Calculate the remainder when 93 is divided by z(4).
29
Let h be (-3)/(3 - (-15)/(-4)). Suppose h*l + 24 - 76 = 0. What is the remainder when 36 is divided by l?
10
Suppose -2*c - 35 = -7*c. Suppose -2*q + 4*y = -44, -4*q - c*y = -3*y - 64. Calculate the remainder when q is divided by 10.
8
Suppose 139 + 91 = 10*x. What is the remainder when 67 is divided by x?
21
Suppose -66 = -4*n - g + 35, -5*n = 2*g - 130. Calculate the remainder when n is divided by -1*(1/(-8) + 195/(-40)).
4
Let w(s) = -s**2 + 10*s + 18. Calculate the remainder when w(8) is divided by 19.
15
Let z = -18 - -101. What is the remainder when z is divided by 12?
11
Suppose r - 10 = -4*r. Calculate the remainder when 5 is divided by r.
1
What is the remainder when 26 is divided by (-3)/5 + 78/5?
11
Let w(b) = 10*b - 25. What is the remainder when w(12) is divided by 16?
15
Suppose 0 = 3*q - x - 32, -4*q = x - 19 - 26. What is the remainder when 53 is divided by q?
9
Let a(t) = t**3 - 4*t**2 + 4*t - 3. Let r be a(2). Calculate the remainder when (-122)/(-8) + r/12 is divided by 8.
7
Let a(b) = -b**3 + 14*b**2 - 17*b + 17. What is the remainder when a(12) is divided by 26?
23
Let q = -251 + 271. Let u = 13 + 44. Calculate the remainder when u is divided by q.
17
Let r(u) = -u**2 - 7*u - 2. Let j be r(-4). Suppose g + j = 4*t, 4*g - 2*t + 7*t = 65. Suppose 15 + g = 5*z. Calculate the remainder when 12 is divided by z.
2
Let o = 5 + 25. Calculate the remainder when o is divided by 11.
8
What is the remainder when (37 + 0)/((1 + -7)/(-6)) is divided by 13?
11
Suppose 0 = -3*d + 5*x, -2 = -2*d - 5*x + 23. Let j be -1 + -2 + -2 + 3. What is the remainder when 19 is divided by d - (0/2 + j)?
5
Suppose 33 = 2*n + n. Calculate the remainder when 40 is divided by n.
7
Let j